 c(d) = 11*d - 267. What is the remainder when 154 is divided by c(29)?
50
Let g(v) = -417*v**3 + v + 1. What is the remainder when g(-1) is divided by 14?
11
Suppose k + 0*k - 2 = 0. Let v(l) = -2 + 13*l - 2 + 8*l**k - l**3 + 5. What is the remainder when v(9) is divided by 13?
11
Suppose -x + 958 = 5*k, -3*k + 2*x = x - 570. Calculate the remainder when k is divided by 45.
11
Suppose 0*l + 4*l = 224. Calculate the remainder when l is divided by 12.
8
Let l(z) = 6*z**3 - z**2 - z - 4. Let v(f) = -f**2 - 1. Let r(c) = l(c) - v(c). What is the remainder when r(2) is divided by 9?
7
Suppose -n = 3*n - 8. Suppose n*b = b + 3. Suppose 0 = -3*m + b*c + 12, -4*c = m - c - 24. Calculate the remainder when 33 is divided by m.
6
Let q(c) be the third derivative of -9*c**4/8 - c**3/3 - 10*c**2. Calculate the remainder when q(-2) is divided by 14.
10
Suppose 0 = 2*v - 4*v - 670. Let t be (-2)/8 - v/(-20). Let r = t + 29. What is the remainder when 33 is divided by r?
9
Calculate the remainder when 87824/304 + (-2)/(-19) is divided by 144.
1
Suppose 119 + 25 = 3*d. Let a = -31 + 43. Suppose 0 = -4*l + y + 3*y + 56, a = 4*y. Calculate the remainder when d is divided by l.
14
Calculate the remainder when ((-210)/(-56))/((-5)/(-100)) is divided by 66.
9
Let k(x) = 99*x - 479. What is the remainder when k(6) is divided by 24?
19
Calculate the remainder when (-3)/(-8 + (-2950)/(-370)) is divided by 104.
7
Let v = 49 + 191. Suppose -3*s + 2*r + 106 = 0, 4*s + 5*r = v - 91. Let n(c) = c**3 + 7*c**2 + 5*c + 4. What is the remainder when s is divided by n(-6)?
6
Let c(o) = -11*o - 1. Suppose -z - 3 + 8 = 0. Suppose z*p + 1 = -4. What is the remainder when 57 is divided by c(p)?
7
Let c(y) = -y**3 + 8*y**2 - 7*y - 25. Let m be c(6). Suppose m*j = -3*w + 145, -6*w - j = -w - 205. Calculate the remainder when w is divided by 15.
10
Suppose -l + 5 = -0. Let v(k) = k**2 + k + 1. Let t(n) = -6*n**2 - 19*n - 10. Let b(d) = l*v(d) + t(d). What is the remainder when b(-7) is divided by 16?
12
Suppose -7*h = -6*h - 4. Suppose -184 = -h*y - 4*k, 3*y + 9 = 4*k + 140. Let z = -6 + y. What is the remainder when z is divided by 10?
9
Let l = -326 - -467. What is the remainder when l is divided by 40?
21
Let v = 19 - -56. Let s = -57 + v. What is the remainder when 70 is divided by s?
16
Let s(t) = t**3 - 4*t**2 - 8*t + 17. Let c be s(5). Suppose 4*l = 0, 2*l + c*l + 128 = 4*v. Calculate the remainder when v is divided by 7.
4
Let h(n) = 76*n - 7. Let b be h(5). Suppose 0 = -4*u - 69 + b. What is the remainder when u is divided by 40?
36
Let q = -19 - -24. Suppose -s + f = -0*f - 16, 0 = 4*s - q*f - 66. Calculate the remainder when s is divided by 9.
5
Let r = -15 + 29. Suppose 4*p - 20 = -0. Suppose 3*u - h = -0*h + 170, p*u + 5*h = 250. Calculate the remainder when u is divided by r.
13
Let u(p) = p**3 + p**2 - p + 38. Let b(l) = -14*l - 74. Calculate the remainder when u(0) is divided by b(-6).
8
What is the remainder when 42/231 + (-339)/(-11) is divided by 13?
5
Let w(q) = q**2 + 14*q. Let r be w(-14). Suppose r = -6*o - 0*o + 798. What is the remainder when o is divided by 34?
31
Let o be 0*(14/(-4) - 1*-4). Suppose o = 3*r - 5*f - 52, 2*r + 2*f = 25 + 15. What is the remainder when 72 is divided by r?
15
Suppose -9*n + 7*n + h + 341 = 0, h = -2*n + 351. What is the remainder when n is divided by 25?
23
Suppose 3*i = 5*x - 1781, -20*i - 701 = -2*x - 15*i. Calculate the remainder when x is divided by 13.
7
Suppose m + 4*b = 10, 4 = -m - 0*b + 3*b. Suppose m*t = -0*t - 90. Let z = 88 + t. What is the remainder when z is divided by 23?
20
Let k(h) = -h**3 - 9*h**2 - 11*h - 11. Let u(y) = -7*y**3 - y**2 + y - 1. Let g be u(1). What is the remainder when 38 is divided by k(g)?
12
Let l(h) = -40*h - 41. Calculate the remainder when l(-9) is divided by 64.
63
Let x(h) = -2*h**3 + 18*h**2 + 23*h - 172. What is the remainder when 70 is divided by x(9)?
0
Suppose -o - 4*o = -n, -3*n - 28 = -o. Suppose 2*j - 4*j = -102. What is the remainder when j is divided by (1 - 31)*6/n?
15
Let x(r) = r + 2. Suppose 2*m - 33 = -4*n - 3, -3*n = 5*m - 40. Calculate the remainder when x(m) is divided by 4.
3
Let l(c) = -7*c + 18. Let h be l(5). Let m = h + 39. What is the remainder when m is divided by 8?
6
Let w(s) = 3*s - 15. Let v be w(7). Suppose -4*u - t + 13 = 0, 3*t = -u - 0*u + v. Calculate the remainder when 10/(-45) - 148/(-18) is divided by u.
2
Let a(n) = -5*n**3 - 15 + 4*n**3 + 12*n**2 + 0 + 2*n - 4. What is the remainder when 19 is divided by a(12)?
4
Let c(k) = -k + 1. Let j(r) = 9*r - 10. Let t(p) = 3*c(p) + j(p). Suppose 2 = 5*y - 3, -3*b + 28 = 4*y. What is the remainder when t(b) is divided by 11?
8
Let n(l) = -19*l + 34 - 63 + 32. Calculate the remainder when n(-2) is divided by 22.
19
Calculate the remainder when 179 is divided by 66/(-154)*1*-21.
8
Suppose -5*a + 115 = 5*c, c = 2*a - 4*a + 41. Suppose -a*b + 23*b = 65. What is the remainder when b is divided by 5?
3
Suppose 0 = 5*v - 5 - 15. Let t be 6*v*3/36. Suppose 0 = 3*o - 3*n - 81, t*o - 3*n = 2*n + 57. What is the remainder when o is divided by 9?
8
Suppose -489*s - 576 = -507*s. Calculate the remainder when 67 is divided by s.
3
Suppose 4*b + 4 = 6*b. Suppose 0 = -b*t - 4 + 10. Suppose -t*d = 4*y - 27, 0 = 4*y - 7*d + 2*d - 19. Calculate the remainder when 9 is divided by y.
3
What is the remainder when 86/(5 - 12 - -8) is divided by 42?
2
Suppose -m = o - 9, 3*o - 12 = -0. Let j = 31 - m. What is the remainder when 94 is divided by j?
16
Let h = -18 + 37. Suppose 5*d - 4*k = 352 + 5628, -2415 = -2*d - 3*k. Calculate the remainder when h is divided by (2/6)/(40/d).
9
Suppose 86*b + 132 = 90*b. Calculate the remainder when b is divided by 16.
1
Suppose g = 6*g - 800. Let i = 1119 - 1092. What is the remainder when g is divided by i?
25
Suppose 83 = 8*u + 35. What is the remainder when 9 is divided by u?
3
Suppose 9*y - 50 = 4*y. Let h = -421 - -440. What is the remainder when h is divided by y?
9
Suppose -59 = -2*f - 3*p, 3*p = -f - 0*p + 22. Suppose -107 = 13*a + 75. Let i = f + a. Calculate the remainder when i is divided by 6.
5
Let t(g) = 50*g + 8. Let n be t(-2). Let o = -57 - n. What is the remainder when 209 is divided by o?
34
Let o be (0 - 20)*10/20. Let k = 18 + o. Let d = 7 - 4. Calculate the remainder when k is divided by d.
2
Let x = -32 + 22. Let h(y) = -y**3 + 16*y**2 - 19*y + 35. Let f be h(15). Let m = x - f. Calculate the remainder when 42 is divided by m.
12
Suppose -2*q + 14 = t, -3 = 2*t - 3*q + 4. Suppose 6*y - 8 = t*y. Calculate the remainder when y is divided by 3.
1
Let q(s) = 3*s**2 + 3*s - 4. Let z = 1 + -5. What is the remainder when q(z) is divided by (-1)/((-657)/162 - 8/(-2))?
14
Let o = -31196 + 31218. Let a(z) = 3*z**2 - z - 5. What is the remainder when a(5) is divided by o?
21
Let l(q) = 4*q**2 + 39*q - 8. What is the remainder when l(-11) is divided by 46?
1
Suppose 0 = z + 2 - 9. Let h be (z - (-6 + 4)) + -4. Suppose 0 = 4*t + h*q - 32, 35 = 2*t + 3*t + 5*q. Calculate the remainder when 6 is divided by t.
0
Suppose 20 + 1 = -7*u. What is the remainder when 23 is divided by -18*2/(-10) - u/(-5)?
2
Let g = 58 + -53. Suppose 2*v - 11 = k, 6 - 1 = -g*k. Calculate the remainder when 5 is divided by v.
0
Let f = -333 + 366. Calculate the remainder when 35 is divided by f.
2
Suppose -4*d = 2*p - 88, 2*p - 4*p = -8. Let a = d - 3. Suppose -4*r + 2*q = 5*q - 96, 2*q = -3*r + 73. What is the remainder when r is divided by a?
10
Suppose 2*c - 6*c = -12. Suppose c*i - 653 = -206. Calculate the remainder when i is divided by 38.
35
Suppose -89*v + 93*v - 8 = 0. What is the remainder when 37 is divided by (-9)/6 + (-2 - (-27)/v)?
7
What is the remainder when (-3)/(1 + 870/(-852)) - 1 is divided by 19?
8
Suppose 4*h - 3*h - 18 = 0. Let o = 37 + -34. Suppose 0 = -2*i + o*i - 51. Calculate the remainder when i is divided by h.
15
Suppose -4*l - 23 = 5*b - 255, -196 = -4*l + 4*b. Calculate the remainder when l is divided by 5.
3
Calculate the remainder when (7 + -3)/20 - (-2796)/20 is divided by 36.
32
Let c be 10/15*84 + -4. Let m = c - 38. Calculate the remainder when m is divided by 9.
5
Let p = -15 - -18. Let t be (0/p)/(1 - 4). Suppose t = -3*i - 4*n - 11, -n = -5*i + 16 + 4. What is the rema